
What is the greatest common factor of 448 and 1706208?
224
What is the greatest common factor of 87709 and 2224?
139
Calculate the greatest common factor of 2970 and 76032.
594
Calculate the greatest common factor of 512664 and 12792.
984
What is the greatest common divisor of 6600 and 869?
11
Calculate the greatest common factor of 2244019 and 773.
773
Calculate the highest common factor of 5535 and 864.
27
Calculate the greatest common divisor of 819661 and 185.
37
What is the greatest common factor of 151424 and 384?
128
Calculate the greatest common divisor of 3186 and 27810.
54
What is the highest common divisor of 4002 and 690?
138
What is the highest common divisor of 80 and 35080?
40
Calculate the greatest common divisor of 45 and 366715.
5
Calculate the highest common factor of 435 and 7265.
5
Calculate the highest common factor of 21866 and 493.
29
Calculate the greatest common divisor of 9 and 3882591.
9
What is the highest common factor of 565 and 870?
5
What is the greatest common factor of 832 and 1568?
32
What is the highest common divisor of 4655 and 7252?
49
What is the greatest common divisor of 1905071 and 595?
119
Calculate the greatest common divisor of 1354 and 2.
2
Calculate the highest common divisor of 1055834 and 364.
26
What is the greatest common divisor of 228600 and 15300?
900
What is the highest common factor of 125 and 355875?
125
What is the greatest common factor of 349904 and 5755?
1151
What is the greatest common divisor of 165 and 593241?
33
What is the greatest common factor of 986 and 649774?
986
Calculate the greatest common divisor of 12 and 35268.
12
Calculate the greatest common factor of 832485 and 1725.
345
What is the highest common factor of 85435 and 2485?
35
Calculate the greatest common factor of 1 and 10909.
1
Calculate the highest common factor of 765793 and 14.
7
What is the greatest common factor of 706511 and 39?
13
What is the highest common factor of 610 and 2105?
5
Calculate the greatest common factor of 756 and 2429.
7
Calculate the greatest common factor of 63 and 152614.
7
What is the greatest common factor of 2240 and 39830?
70
Calculate the highest common divisor of 11 and 13794.
11
What is the highest common divisor of 11381 and 76?
19
What is the highest common factor of 2397 and 3102?
141
What is the highest common factor of 208 and 17459?
13
What is the greatest common divisor of 866288 and 464?
464
What is the greatest common factor of 5494 and 2144?
134
Calculate the highest common factor of 1100 and 36900.
100
What is the highest common divisor of 1005 and 23517?
201
Calculate the greatest common factor of 1268069 and 11.
11
Calculate the greatest common divisor of 1504 and 557044.
188
What is the greatest common factor of 15419 and 38981?
17
Calculate the highest common factor of 49 and 17.
1
What is the greatest common divisor of 476312 and 16?
8
Calculate the highest common divisor of 89 and 159043.
89
What is the highest common divisor of 543 and 344081?
181
What is the highest common divisor of 9776 and 282?
94
Calculate the greatest common divisor of 7878 and 2418.
78
What is the highest common factor of 79021 and 19?
19
Calculate the greatest common divisor of 42 and 168.
42
What is the highest common factor of 162792 and 756?
252
What is the highest common divisor of 8245 and 595?
85
What is the greatest common divisor of 30 and 1460775?
15
What is the highest common factor of 863775 and 450?
225
What is the greatest common divisor of 29 and 3006749?
29
What is the highest common divisor of 163704 and 228?
228
What is the greatest common factor of 14054 and 44?
2
Calculate the greatest common factor of 62054 and 95.
19
Calculate the greatest common divisor of 1001 and 9477.
13
What is the highest common divisor of 18 and 3785292?
18
Calculate the greatest common factor of 1494 and 324.
18
What is the greatest common divisor of 75180 and 110?
10
What is the greatest common divisor of 1992 and 115619?
83
What is the highest common divisor of 5 and 182790?
5
What is the highest common factor of 4864 and 502208?
1216
Calculate the greatest common factor of 256 and 2584800.
32
Calculate the highest common factor of 88500 and 108.
12
Calculate the greatest common factor of 106815 and 105.
15
Calculate the highest common divisor of 1763 and 18017.
43
What is the greatest common divisor of 1026 and 63384?
114
What is the greatest common factor of 482085 and 135?
135
Calculate the greatest common factor of 2076 and 1066.
2
Calculate the highest common divisor of 4986 and 63.
9
What is the greatest common divisor of 2800 and 19?
1
Calculate the greatest common divisor of 5997628 and 364.
364
What is the highest common divisor of 3895 and 2542?
41
What is the greatest common divisor of 6110 and 1365?
65
What is the highest common factor of 160 and 669050?
10
What is the highest common divisor of 879129 and 27?
9
What is the highest common divisor of 298 and 7468476?
298
Calculate the highest common divisor of 14763 and 190.
19
What is the highest common factor of 160762 and 70?
14
Calculate the highest common factor of 1416 and 303496.
472
What is the greatest common divisor of 13755 and 9?
3
What is the highest common divisor of 324 and 59778?
162
Calculate the highest common factor of 12758 and 37.
1
Calculate the highest common divisor of 30816 and 360.
72
Calculate the highest common factor of 14 and 5930.
2
Calculate the greatest common factor of 327451 and 529.
529
Calculate the greatest common divisor of 1843283 and 39.
13
What is the highest common factor of 12870 and 396?
198
Calculate the highest common factor of 6 and 319026.
6
Calculate the greatest common factor of 9008 and 41099.
563
Calculate the greatest common factor of 78 and 4188808.
26
What is the highest common divisor of 1624 and 755272?
56
What is the greatest common divisor of 674050 and 2318?
122
Calculate the greatest common divisor of 3392 and 832.
64
What is the greatest common factor of 190959 and 159?
159
Calculate the highest common factor of 5139 and 144.
9
What is the highest common factor of 9714 and 243?
3
Calculate the highest common divisor of 5353760 and 320.
160
Calculate the greatest common divisor of 244 and 6527.
61
What is the highest common factor of 20 and 30905?
5
What is the greatest common divisor of 901 and 459?
17
Calculate the greatest common divisor of 77 and 38984.
11
Calculate the highest common factor of 356 and 445801.
89
What is the greatest common factor of 20 and 7517940?
20
Calculate the highest common factor of 678 and 1469.
113
Calculate the greatest common divisor of 1935 and 2700.
45
Calculate the greatest common factor of 6045 and 1240.
155
Calculate the greatest common factor of 48 and 31908.
12
What is the greatest common divisor of 357056 and 7392?
224
Calculate the highest common divisor of 6632 and 792.
8
Calculate the greatest common factor of 238 and 4088.
14
What is the highest common factor of 107 and 172591?
107
Calculate the greatest common factor of 8652 and 588.
84
What is the highest common divisor of 802703 and 11?
11
What is the greatest common divisor of 325904 and 32?
16
Calculate the greatest common divisor of 536 and 281668.
268
Calculate the greatest common factor of 74 and 15688.
74
Calculate the greatest common divisor of 199 and 14129.
199
What is the highest common divisor of 565317 and 621?
207
What is the highest common factor of 44 and 414546?
22
What is the highest common factor of 2255 and 29205?
55
Calculate the highest common divisor of 1172 and 82919.
293
What is the highest common divisor of 865844 and 5202?
578
Calculate the greatest common factor of 876315 and 2820.
705
Calculate the highest common divisor of 425 and 42025.
25
What is the greatest common divisor of 906201 and 54?
27
Calculate the highest common factor of 218454 and 21.
3
What is the highest common factor of 32 and 50?
2
What is the greatest common factor of 7664895 and 945?
945
What is the greatest common divisor of 115587 and 11416?
1427
What is the highest common divisor of 247209 and 513?
57
Calculate the highest common divisor of 5040 and 504720.
720
Calculate the highest common divisor of 138 and 56258.
46
What is the highest common factor of 80 and 4